2 + 14*f + 14. What is c(t)?
2
Let o be -13 + (16 - 8) + 144891. Let h(l) = 49*l**3 - 144886*l**2 + l + o*l**2. Calculate h(1).
50
Let t(s) = -4*s - 2. Suppose -13 + 5 = -17*x - 59. Determine t(x).
10
Let t(o) = -2126*o**2 - 2155*o**2 - 4*o - 34 + 4289*o**2 + o**3. What is t(-8)?
-2
Let r(x) be the first derivative of x**3/3 + x**2/2 + 10*x + 2. Suppose 0 = n - g + 3, 0 = 13*n - 11*n - g + 3. Calculate r(n).
10
Suppose 0*g - 4*g + 5*x = 9, 2*x + 10 = 5*g. Let d(o) = -36*o + o**3 + 4 + 0*o**2 - 31*o + 71*o + g*o**2. Calculate d(-3).
1
Let z(m) = -4*m**3 + m**2 + 4*m - 3. Suppose -n - y + 204 = 0, n - 1024 = -4*n - 4*y. Let j = n + -206. What is z(j)?
-23
Let l = 1/3499 + 3379/419880. Let q(s) be the third derivative of -l*s**6 + 0*s**4 + 1/2*s**3 + 18*s**2 + 0*s + 0 - 1/15*s**5. Determine q(-3).
-6
Let f(v) = v - 5. Let a be f(5). Let t(h) = 11*h + 160. Let w(r) = r + 14. Let o(z) = -t(z) + 10*w(z). Calculate o(a).
-20
Let d(m) = m - 1. Let i = -413 + 470. Suppose i - 77 = 5*y. Give d(y).
-5
Let y be -1 + 10 + 3 + 9. Let a(c) = -3*c + 46. Determine a(y).
-17
Let d(q) be the first derivative of -q**4/4 + 11*q**3/3 - 5*q**2/2 + 17*q - 11915. Give d(8).
169
Let l(p) = 72 - 3*p**2 - p**2 - 25 - 54 - p**3. Give l(-4).
-7
Let a(n) = 2 - n**3 - 2*n**2 - 3*n + 3*n. Let y(z) = 2*z + 61. Let f be y(-26). Suppose 0 = f*u - 16 + 43. Give a(u).
11
Let h(w) = w**3 - w**2 + 2*w + 3. Let m be ((-36)/10 + 3)*5. Suppose 0 = 4*r + 4*j + 36, -j - 10 = -2*r + 4*j. Let k = r - m. Calculate h(k).
-13
Let o(t) be the first derivative of -8 + 7*t - 3/2*t**2. What is o(3)?
-2
Let c(z) = -10*z - 2. Suppose 0 = -902*k + 901*k. Calculate c(k).
-2
Let h be 2/(-12) + 5873/(-42). Let a = -110 - h. Suppose -11*c - a = -17*c. Let d(u) = -2*u - 5. Give d(c).
-15
Let a(b) = 12*b**2 + 20*b + 14. Let k(j) = 88*j**2 + 30*j + 89*j**2 + 21 - 158*j**2. Let z(s) = -8*a(s) + 5*k(s). Let v = -21 + 13. Determine z(v).
9
Let g(d) = d**3 - 12*d - 21. Let o(u) = -5*u**3 - u**2 + 50*u + 85. Let p(h) = -9*g(h) - 2*o(h). Calculate p(-3).
-14
Let t(f) = 5189085 + 6*f**3 - 5189081 - f**2 - 3*f**3 - 5*f. Determine t(2).
14
Let p(w) = 4*w - 7. Let o be 1*((-8)/10)/(((-208)/(-40))/(-13)). Calculate p(o).
1
Let t(n) be the first derivative of -1/2*n**2 + 2/3*n**3 + 0*n - 29 + 7/4*n**4. Determine t(1).
8
Let f(t) = -1192*t + 11. Let y(b) = -475*b + 5. Let z(h) = -2*f(h) + 5*y(h). Give z(0).
3
Let y(f) be the first derivative of -8*f - 51 - 1/2*f**2. Give y(-6).
-2
Let z(u) be the first derivative of 27*u**2/2 + 13*u + 9132. Determine z(4).
121
Let f(j) be the third derivative of -j**4/12 - j**3/2 - 148*j**2. Suppose -3*n = 2*n + 40. Let w = 13 + n. Calculate f(w).
-13
Let w = -222 + 282. Let r be -7*7/(294/w). Let t(v) = v**3 + 11*v**2 + 12*v + 15. Calculate t(r).
-5
Let w(o) = -o**3 - 4*o**2 - 19*o - 118. Let s be 4 + 1 + -7 - (1 - (-1 + -1)). Calculate w(s).
2
Let l(p) = 4*p + 4 - 1210*p**2 - 2008*p**2 + 3219*p**2. Let o be (-4)/6*3 + -6. Let t be (o/10)/(4/20). Give l(t).
4
Let m(u) = u**2 - 11*u + 28. Let b be m(7). Let j(x) be the third derivative of 1/24*x**4 + b + 0*x + 30*x**2 - 1/6*x**3. Give j(-3).
-4
Let w(s) be the first derivative of s**2/2 - 2. Let b be (4 - -8)*(-3)/(-6). Let y be (-16)/12 - 4/b. Calculate w(y).
-2
Let z(i) = i**3 - 7*i**2 + 7*i + 16. Let y be z(5). Suppose 14*d - y = 15*d. Let g be d*5/(9 + -4). Let t(u) = 4*u + 1. Give t(g).
-3
Let c(m) be the second derivative of m**5/20 - m**4/3 + 7446*m. Suppose 5*y = -3*s - 13, s + 8 = -3*y - 3. Determine c(s).
0
Let f(j) = -j**3 - 31*j**2 - 55*j + 86. Let b(s) = 53*s - 1248. Let h be b(23). What is f(h)?
-1
Let k = 269 - 265. Let l(t) = -16*t**2 + 5 + k*t - 7*t + 8*t**2 - t**3 - 5*t. What is l(-7)?
12
Suppose 0*p + 5*p + 4*w = 235, -5*p = 5*w - 240. Let l = 59 - p. Let q be 2/((-1 - 3)/l). Let g(u) = u**3 + 7*u**2 - 9*u + 1. Determine g(q).
9
Let g be 2/(1 + (-17)/15). Let d be 1/3 - (-80)/g. Let s(r) = -4*r**3 - 8*r**2 - 9. Let o(q) = -q**3 - q**2 - 1. Let v(l) = -3*o(l) + s(l). Calculate v(d).
-6
Let s(i) = i**3 - 21*i**2 - 35*i - 40. Let z(r) = -3*r**3 + 63*r**2 + 86*r + 120. Let k(b) = 8*s(b) + 3*z(b). Calculate k(20).
0
Let t(z) be the first derivative of z**4/4 + z**3 - z - 1557. Let r = -41 + 39. Determine t(r).
3
Suppose 4*f - 170 = -5*q - 47, -2*q = -5*f - 69. Suppose -4*g + 7*r - 4*r = -q, 2*g + r = 21. Let w(x) = x - 9. Determine w(g).
0
Let d(u) be the first derivative of 43 + 0*u**3 + 1/4*u**4 + u + 3/2*u**2. Suppose -3*k - 4 = -k. Give d(k).
-13
Let s(b) = -2*b - 9. Let o(r) = r**2 + 14*r + 39. Let j be o(-10). Let n be j*(-9)/((-9)/11). What is s(n)?
13
Let q(h) = -h**3 + 7*h**2 - 2*h + 6. Let c(y) = -27*y + 11. Let z be c(-4). Let m = z + -112. Give q(m).
-8
Let l(f) = 2*f**2 - 7*f + 2. Suppose 5*o - 3*o = 10. Suppose -i + 13 = 2*j, 0 = 4*i + i + o*j - 45. Calculate l(i).
17
Let o(k) be the second derivative of -61*k**3/6 - 62*k**2 - 9216*k. Calculate o(-2).
-2
Suppose -d - 22 = 5*u - 0*d, -d = 2. Let t be 2/u*(0 - 4). Let r(i) = 1 - 7*i + 1 - t - i**2. Give r(-7).
0
Let x(d) be the second derivative of -d**5/4 - d**4/12 - d**3/3 + 3*d**2/2 + 2*d + 21. Give x(2).
-45
Let p(v) = -24*v + 71. Suppose -6 = g - 2, -5*g = 4*q + 48. Let a(w) = 17*w - 48. Let f(r) = q*a(r) - 5*p(r). Give f(15).
-4
Let u(h) be the second derivative of 7*h**5/20 - h**4/4 - 14*h**3/3 + 14*h**2 + 7546*h. Calculate u(1).
4
Let r(q) = -2*q - 33. Let m(p) = 16*p + 222. Let l(t) = 14*t + 222. Let v(f) = -4*l(f) + 3*m(f). Let u be v(-26). Determine r(u).
-5
Let g be -5 + (1 - -6 - (0/(-1) + -3)). Let q(i) = i**3 - 4*i**2 - 6*i + 12. Determine q(g).
7
Let h(s) = -4*s + 55. Let p(l) = -29*l + 437. Let t(f) = -17*h(f) + 2*p(f). Calculate t(5).
-11
Let y(j) = -j**2 - 9*j - 1. Let l(f) = -2*f**2 - 18*f - 1. Let q(d) = 3*l(d) - 5*y(d). Let c be 3750/(-2250)*54/10. What is q(c)?
2
Let y(n) be the second derivative of n**4/4 + 13*n**3/6 + 11*n**2/2 - 2*n + 61. Calculate y(-4).
7
Suppose -2*b + 2*n + 16 = 0, -4*b - 1 = n - 13. Suppose -3*w = -4*p - 65 - 1, -3*p + b*w - 53 = 0. Let u(k) = k**2 + 15*k - 9. What is u(p)?
-9
Let f(k) = k**2 + 2*k - 6. Let q = 32 - 10. Let t = -383 - -410. Let c = q - t. Determine f(c).
9
Let b = 9 - 17. Let k(h) = -h**2 - h + 1. Let p(j) = -4*j**2 - 11*j + 1. Let d(c) = -3*k(c) + p(c). Give d(b).
-2
Let q(v) = -2 + 2 + 3*v**3. Let n(a) = -a**3 + 68*a**2 + 207*a - 4689. Let p be n(70). What is q(p)?
3
Let a(k) = -4*k - 6. Suppose -7*o + 8*o - 4*y + 13 = 0, 4*o + y - 16 = 0. Suppose 0 = 3*c + o, -5*c = -6*d + 5*d - 4. Calculate a(d).
30
Let b = 3387 - 3389. Let x(a) = -62*a + 1. Determine x(b).
125
Let r(p) be the first derivative of 5*p**3/6 + 33*p**2/2 + 324*p - 98. Let d(x) be the first derivative of r(x). Give d(-8).
-7
Let v = -30296 - -30289. Let b(l) = -3*l + 18. Determine b(v).
39
Let d(z) = 1490*z**2 - 495*z**2 + 63 + 24*z - 503*z**2 + z**3 - 520*z**2. Give d(27).
-18
Suppose 0 = -14*i + 12*i + 4. Let y(q) = i - q**2 - 1 - 3*q + 3*q - q. Suppose -5*l + 40 = 5*h, 22*h + 2*l = 25*h + 1. What is y(h)?
-11
Let g(p) = -p**3 + 10*p**2 - p + 13. Let n(k) = k**3 + 4*k + 2 - 4 - 16*k**2 - 3*k**3 + 17*k**2. Let u be n(-2). What is g(u)?
3
Let y(x) = -5*x - 68. Let u be y(-14). Let g(l) = -273 + l + 272 + u*l - l**2. Suppose -8 = -5*p + 2. Calculate g(p).
1
Let z(a) be the third derivative of 0 - 1/3*a**3 + 1/120*a**6 - 52*a**2 + 0*a + 7/60*a**5 + 1/24*a**4. Suppose 0 = 2*s + 17 - 3. Give z(s).
-9
Let l(x) = -2*x**3 + x**2 + 3*x - 1. Let p(j) = -j**3 - 6*j**2 + j - 2. Let h be p(-4). Let i = h + 44. Let n be (i/15)/(1/5). What is l(n)?
-7
Suppose 41*p - 52 = 17*p + 20*p. Let z(r) = -9*r + 140. What is z(p)?
23
Let x(j) = -2*j - 11. Suppose 3*k + 373 = 2848. Suppose 0 = -20*m + 25*m - k. Suppose -m*o + 8 = -166*o. Calculate x(o).
5
Let y(w) = 5 + w**3 + 3*w + 6*w - 10*w**2 + 6 - 3. Let u(c) = 2*c**3 - 19*c**2 + 17*c + 15. Let g(f) = -6*u(f) + 11*y(f). Let j = -4156 + 4160. Determine g(j).
-14
Let u be (3 - (-18 - -17))*30/8. Let x(i) = -i**2 + 21*i - 90. Give x(u).
0
Let l(p) = 11*p**2 - p. Let r be l(1). Let h(k) = -2*k**2 + 28*k + 16. Let n(g) = g**2 - 15*g - 9. Let z(o) = 3*h(o) + 5*n(o). Give z(r).
-7
Let w(v) = -v + 2. Let y(u) = -5*u**2 - u - 1. Suppose 3*z + 6 = 4*c + 23, 3*c = 4*z - 11. Let n be y(z). Give w(n).
7
Let h